{"id":15,"date":"2021-12-15T18:22:09","date_gmt":"2021-12-15T18:22:09","guid":{"rendered":"https:\/\/addictionawareness.de\/colibri-wp"},"modified":"2024-11-15T17:17:14","modified_gmt":"2024-11-15T17:17:14","slug":"colibri-wp","status":"publish","type":"page","link":"https:\/\/addictionawareness.de\/","title":{"rendered":"Addiction Awareness"},"content":{"rendered":"<div data-colibri-id=\"15-c1\" class=\"style-193 style-local-15-c1 position-relative\">\n  <!---->\n  <div data-colibri-component=\"section\" data-colibri-id=\"15-c2\" id=\"initial-content\" class=\"h-section h-section-global-spacing d-flex align-items-lg-center align-items-md-center align-items-center style-194 style-local-15-c2 position-relative\">\n    <!---->\n    <!---->\n    <div class=\"h-section-grid-container h-section-boxed-container\">\n      <!---->\n      <div data-colibri-id=\"15-c3\" class=\"h-row-container gutters-row-lg-2 gutters-row-md-2 gutters-row-0 gutters-row-v-lg-2 gutters-row-v-md-2 gutters-row-v-2 style-195 style-local-15-c3 position-relative\">\n        <!---->\n        <div class=\"h-row justify-content-lg-center justify-content-md-center justify-content-center align-items-lg-stretch align-items-md-stretch align-items-stretch gutters-col-lg-2 gutters-col-md-2 gutters-col-0 gutters-col-v-lg-2 gutters-col-v-md-2 gutters-col-v-2\">\n          <!---->\n          <div class=\"h-column h-column-container d-flex h-col-lg-auto h-col-md-auto h-col-auto style-196-outer style-local-15-c4-outer\">\n            <div data-colibri-id=\"15-c4\" class=\"d-flex h-flex-basis h-column__inner h-px-lg-2 h-px-md-2 h-px-2 v-inner-lg-2 v-inner-md-2 v-inner-2 style-196 style-local-15-c4 position-relative\">\n              <!---->\n              <!---->\n              <div class=\"w-100 h-y-container h-column__content h-column__v-align flex-basis-100 align-self-lg-start align-self-md-start align-self-start\">\n                <!---->\n                <div data-colibri-id=\"15-c5\" class=\"style-197 style-local-15-c5 position-relative h-element\">\n                  <!---->\n                  <div>\n                    \n                    <p>Addiction Awareness ist eine Webseite, auf der ich auf meine eigenen S\u00fcchte hinweisen m\u00f6chte und von Projekten berichten m\u00f6chte, die Teil meiner Sucht sind.<\/p>\n                    \n\n                    \n                    <p>Ich bin Sascha Malsbender, psychologischer Psychotherapeut und geboren in Duisburg-Marxloh.<\/p>\n                    \n\n                    \n                    <p>Ich habe dort das Abi gemacht und meinen Zivildienst auf einer proktologischen Station durchgef\u00fchrt. Dann habe ich eine Ausbildung zum Versicherungskaufmann gemacht, wollte aber nicht als solcher arbeiten. Ich habe vier Monate in diversen\n                      Catholic-Worker-H\u00e4usern gearbeitet. Der CW ist eine Gemeinschaft, die &#8222;trockenen&#8220; S\u00fcchtigen eine Adresse gibt, damit sie ein Bankkonto er\u00f6ffnen k\u00f6nnen und wieder Fu\u00df in der Gesellschaft fassen konnten.<\/p>\n                    \n\n                    \n                    <p>Das bewegte mich dazu, mich f\u00fcr Studienpl\u00e4tze als Sozialarbeiter und Psychologe zu bewerben und entschied mich f\u00fcr das Psychologiestudium. Dieses richtete ich recht medizinisch aus, mit Neurologie und Neuroanatomie als Nebenf\u00e4chern.<\/p>\n                    \n\n                    \n                    <p>Und meine erste T\u00e4tigkeit war auch neuropsychologisch in Bad Liebenstein und Bad Wildungen. In der Erkenntnis, dass mir das nicht ausreichte, um Patienten zu behandeln, entschied ich mich f\u00fcr die Verhaltenstherapeutische Weiterbildung,\n                      in der ich sogar noch Klaus Grawe kennenlernen durfte. Daf\u00fcr bin ich Herrn Prof. Dr. Schulte noch immer dankbar.<\/p>\n                    \n\n                    \n                    <p>Ich habe einen bunten Lebenslauf, habe w\u00e4hrend meiner Weiterbildung die Weiterbildung in einem privaten Ausbildungsinstitut koordiniert, derweil in der aufsuchenden Familienhilfe mit dem Jugendamt zusammen gearbeitet und in Schulen\n                      f\u00fcr Logop\u00e4die und Ergotherapie unterrichtet. Als meine erste Tochter geboren wurde, suchte ich eine T\u00e4tigkeit mit geregelter Arbeitszeit und fand sie in der Forensik. Meine n\u00e4chste Station war eine kleine Suchtklinik, in der ich\n                      die stellvertretende Leitung \u00fcbernahm. Ich wechselte in die erste 5-Sterne-Suchtbehandlung im Westerwald, wo ich auch Corona mit vielen Patienten glimpflich \u00fcberstand. <\/p>\n                    \n\n                    \n                    <p>Doch dann habe ich die Entscheidung mit meiner Familie getroffen, etwas f\u00fcr mich zu machen, mich wieder einer anderen Patientengruppe zu widmen. <\/p>\n                    \n\n                    \n                    <p>So habe ich einen Leitungsposten 2022 f\u00fcr eine Klinik \u00fcbernommen, die immer noch nicht er\u00f6ffnet wurde, aber vielleicht im Sommer 2025, weswegen das komplette Team wieder gek\u00fcndigt wurde. Ich habe mit psychosomatischen Patienten gearbeitet\n                      und werde diese T\u00e4tigkeit nun in einer weiteren Leitungsposition fortsetzen.<\/p>\n                    \n\n                    \n                    <p><\/p>\n                    \n                  <\/div>\n                <\/div>\n              <\/div>\n            <\/div>\n          <\/div>\n        <\/div>\n      <\/div>\n    <\/div>\n  <\/div>\n<\/div>","protected":false},"excerpt":{"rendered":"<p>Addiction Awareness ist eine Webseite, auf der ich auf meine eigenen S\u00fcchte hinweisen m\u00f6chte und von Projekten berichten m\u00f6chte, die Teil meiner Sucht sind. Ich bin Sascha Malsbender, psychologischer Psychotherapeut und geboren in Duisburg-Marxloh. Ich habe dort das Abi gemacht und meinen Zivildienst auf einer proktologischen Station durchgef\u00fchrt. Dann habe ich eine Ausbildung zum Versicherungskaufmann [&hellip;]<\/p>\n","protected":false},"author":1,"featured_media":99,"parent":0,"menu_order":0,"comment_status":"closed","ping_status":"closed","template":"page-templates\/homepage.php","meta":{"footnotes":""},"class_list":["post-15","page","type-page","status-publish","has-post-thumbnail","hentry"],"_links":{"self":[{"href":"https:\/\/addictionawareness.de\/index.php?rest_route=\/wp\/v2\/pages\/15","targetHints":{"allow":["GET"]}}],"collection":[{"href":"https:\/\/addictionawareness.de\/index.php?rest_route=\/wp\/v2\/pages"}],"about":[{"href":"https:\/\/addictionawareness.de\/index.php?rest_route=\/wp\/v2\/types\/page"}],"author":[{"embeddable":true,"href":"https:\/\/addictionawareness.de\/index.php?rest_route=\/wp\/v2\/users\/1"}],"replies":[{"embeddable":true,"href":"https:\/\/addictionawareness.de\/index.php?rest_route=%2Fwp%2Fv2%2Fcomments&post=15"}],"version-history":[{"count":2,"href":"https:\/\/addictionawareness.de\/index.php?rest_route=\/wp\/v2\/pages\/15\/revisions"}],"predecessor-version":[{"id":117,"href":"https:\/\/addictionawareness.de\/index.php?rest_route=\/wp\/v2\/pages\/15\/revisions\/117"}],"wp:featuredmedia":[{"embeddable":true,"href":"https:\/\/addictionawareness.de\/index.php?rest_route=\/wp\/v2\/media\/99"}],"wp:attachment":[{"href":"https:\/\/addictionawareness.de\/index.php?rest_route=%2Fwp%2Fv2%2Fmedia&parent=15"}],"curies":[{"name":"wp","href":"https:\/\/api.w.org\/{rel}","templated":true}]}}