{"id":104,"date":"2024-11-15T16:34:49","date_gmt":"2024-11-15T16:34:49","guid":{"rendered":"https:\/\/addictionawareness.de\/?page_id=104"},"modified":"2024-11-15T16:34:49","modified_gmt":"2024-11-15T16:34:49","slug":"der-addiction-awareness-march","status":"publish","type":"page","link":"https:\/\/addictionawareness.de\/?page_id=104","title":{"rendered":"Der Addiction Awareness March"},"content":{"rendered":"\n<p>Im Jahr 2023 habe ich einen 100 Kilometer-Marsch gemacht.<\/p>\n\n\n\n<p>Von meiner Haust\u00fcr nach K\u00f6ln, zum Dom und beten, dann auf der richtigen Seite nach D\u00fcsseldorf \u00fcber Zons dort wechseln auf die Sch\u00e4l Sick und \u00fcber Benrath wieder nach Leverkusen.<\/p>\n\n\n\n<p>Ich habe das unter 24 Stunden geschafft, in Aldi-Sportschuhen. Ich h\u00e4tte aber Wechselschuhe mitnehmen sollen, habe an vielen Blasen tagelang laboriert.<\/p>\n\n\n\n<p>Ach ja, es sollte ein Spendenmarsch werden. Ich hatte alle D\u00fcsseldorfer, K\u00f6lner und auch die Hachenburger Brauereien angeschrieben, damit sie 1 Euro pro Kilometer spenden sollten.<\/p>\n\n\n\n<p>Lediglich Hachenburger gab an, dass sie schon viele Projekte mitunterst\u00fctzen. Alle anderen Brauereien haben noch nicht einmal auf meine Anfrage geantwortet. Deswegen meide ich nat\u00fcrlich all diese Biersorten und trinke mehr Wein, bzw. Calimoxo. (ein baskischer Begriff f\u00fcr Rotwein (trocken) mit Cola (mittlerweile Zero), also Calimoxero. (gesprochen Kahlimotschiro).<\/p>\n\n\n\n<p>Sch\u00e4mt Euch ihr K\u00f6lner und D\u00fcsseldorfer Brauereien.<\/p>\n","protected":false},"excerpt":{"rendered":"<p>Im Jahr 2023 habe ich einen 100 Kilometer-Marsch gemacht. Von meiner Haust\u00fcr nach K\u00f6ln, zum Dom und beten, dann auf der richtigen Seite nach D\u00fcsseldorf \u00fcber Zons dort wechseln auf die Sch\u00e4l Sick und \u00fcber Benrath wieder nach Leverkusen. Ich habe das unter 24 Stunden geschafft, in Aldi-Sportschuhen. Ich h\u00e4tte aber Wechselschuhe mitnehmen sollen, habe [&hellip;]<\/p>\n","protected":false},"author":1,"featured_media":0,"parent":0,"menu_order":0,"comment_status":"closed","ping_status":"closed","template":"","meta":{"footnotes":""},"class_list":["post-104","page","type-page","status-publish","hentry"],"_links":{"self":[{"href":"https:\/\/addictionawareness.de\/index.php?rest_route=\/wp\/v2\/pages\/104","targetHints":{"allow":["GET"]}}],"collection":[{"href":"https:\/\/addictionawareness.de\/index.php?rest_route=\/wp\/v2\/pages"}],"about":[{"href":"https:\/\/addictionawareness.de\/index.php?rest_route=\/wp\/v2\/types\/page"}],"author":[{"embeddable":true,"href":"https:\/\/addictionawareness.de\/index.php?rest_route=\/wp\/v2\/users\/1"}],"replies":[{"embeddable":true,"href":"https:\/\/addictionawareness.de\/index.php?rest_route=%2Fwp%2Fv2%2Fcomments&post=104"}],"version-history":[{"count":1,"href":"https:\/\/addictionawareness.de\/index.php?rest_route=\/wp\/v2\/pages\/104\/revisions"}],"predecessor-version":[{"id":105,"href":"https:\/\/addictionawareness.de\/index.php?rest_route=\/wp\/v2\/pages\/104\/revisions\/105"}],"wp:attachment":[{"href":"https:\/\/addictionawareness.de\/index.php?rest_route=%2Fwp%2Fv2%2Fmedia&parent=104"}],"curies":[{"name":"wp","href":"https:\/\/api.w.org\/{rel}","templated":true}]}}